- o = 4*g. What is the units digit of h?
3
Let x = 3 + 2. Suppose -6*r + r = 3*u - 19, -r + 39 = x*u. What is the units digit of u?
8
Let b be 480/(-18) - (-4)/6. What is the tens digit of 255/11 + b/143?
2
Suppose 0 = d - 2*d + 60. What is the units digit of d?
0
Let j(c) = c + 80. What is the tens digit of j(0)?
8
Suppose 3*z - 3*w = 321, 2*z - 105 - 89 = -2*w. What is the units digit of z?
2
Let o(c) = 2*c**2 + 5*c - 19. What is the tens digit of o(-6)?
2
Let v(c) = -c**3 + 4*c**2 + 3*c + 5. Let n be v(5). Let j = n + 9. What is the units digit of j?
4
Suppose -44 = -5*c + 1. Let y = c + -4. Let v = y - -4. What is the units digit of v?
9
Let z = -2 + 114. What is the tens digit of z?
1
Suppose 0 = -2*g - 2*g + 144. Let y = 26 + -43. Let n = g + y. What is the units digit of n?
9
Let u = 49 + -23. Let x = -15 + u. What is the units digit of x?
1
Suppose 0 = -3*b + t + 57 + 161, -5*b - 4*t + 369 = 0. What is the tens digit of b?
7
Let y be 2/(-3) + (-28)/(-6). What is the units digit of 20/y*8/10?
4
Let t(g) = -g**3 - 9*g**2 - 13*g - 6. What is the units digit of t(-9)?
1
Let r(i) = i**3 - 4*i**2 + 5*i - 4. Suppose -3*h + 5*s = -34, -1 = -2*h - s - 0. Let k be r(h). What is the units digit of 9 + (k - 4 - -1)?
8
Let b(s) = -s**3 - 2*s**2 + 8*s + 9. What is the tens digit of b(-5)?
4
Let x be 2 - (-1 - (-1 + 1)). Let c(d) = -d**2 - 7*d - 5. Let w be c(-5). Let p = w + x. What is the units digit of p?
8
Suppose 0 = -3*i - 5*p + 755, -69 = -2*i - 5*p + 431. What is the hundreds digit of i?
2
Let k(p) = -22*p - 28. What is the tens digit of k(-8)?
4
What is the units digit of (-92)/(2*(-3 + 2))?
6
What is the units digit of (-4)/(-10)*(223 + 4 - -3)?
2
Let a = 4 + 17. What is the units digit of a?
1
Let h(c) = 8*c + 7. What is the tens digit of h(6)?
5
Suppose -5*z - 3*r + 1 = -4*r, -15 = -3*z - 3*r. Let y(v) = v**3 - 1. Let b be y(z). Suppose b = 4*s - 35 - 9. What is the units digit of s?
1
Suppose 4*z - 3*z + 5*m + 14 = 0, -z + 18 = -3*m. Suppose -f + 50 = -4*b, z = 5*b + 31. What is the tens digit of f?
3
Suppose -b = -0*b + 11. Let u = -8 - b. What is the units digit of u?
3
What is the hundreds digit of (265/(-10))/((-21)/10 - -2)?
2
Let r be (1 + -3)*(-11 + -2). Suppose 4*q + r = 2*n, -2*n + 3*n = -2*q - 7. What is the units digit of n?
3
Let h(i) = 3*i - i + 2*i - 1. What is the units digit of h(1)?
3
Let j = 8 - 12. Let g(t) = -t**3 - 4*t**2 - 2*t - 6. What is the units digit of g(j)?
2
Let q = 2 + 0. What is the units digit of (-3)/6*q*-1?
1
Let t be (-57*1)/(3/(-2)). Let m = -24 + t. Suppose i = 1, -3*i + 10 = 3*w - m. What is the units digit of w?
7
Let h = 14 + -19. Suppose 0 = 2*p + 4*c + 42, 3*c - c - 34 = 4*p. Let z = h - p. What is the units digit of z?
6
Let m(j) = -13*j + 1. What is the tens digit of m(-3)?
4
Suppose 2*f + 1 = -3. Let k be f/(-1) - (-2 - -2). Suppose 0 = k*d + 3*d - 25. What is the units digit of d?
5
Let n(f) = 8*f**3 + f**2 - 4*f + 5. What is the tens digit of n(2)?
6
Let a(r) be the second derivative of r**5/20 + r**4/3 - 5*r**3/6 + 3*r**2 - 4*r. Suppose 5*f = -3*b - 10 - 15, -b = 3*f + 11. What is the units digit of a(b)?
6
Let w(z) = z**2 + z - 1. Let i be w(1). Suppose -d - 21 = i. Let s = d - -37. What is the units digit of s?
5
Let b be (-4)/(-14) - (-6)/(-21). Suppose 5*x + b = -2*h - 23, -17 = -2*h + 3*x. What is the units digit of h?
1
Let a = 217 - 148. What is the units digit of a?
9
Let i(m) = -m**3 - 4*m**2 - m. Let n be i(-4). Suppose q = -0*q + n. What is the units digit of q?
4
Let n = -8 + 6. Let d = n + 7. Suppose -26 - 24 = -d*t. What is the tens digit of t?
1
Suppose 0 = 3*y + 4*j - 164, 4*y = 2*y + j + 91. What is the units digit of y?
8
Suppose 2*c - 7 = -4*i - 31, 3*i + 27 = -2*c. Suppose -5*q - h - 50 = 0, -4*q - 81 = -5*h - 12. Let m = q - c. What is the units digit of m?
7
Let t(p) = 4*p**2 - 3*p - 7. What is the tens digit of t(-5)?
0
Suppose -2*p + 4 = -4. What is the units digit of p?
4
Suppose -7*j + 516 - 201 = 0. What is the tens digit of j?
4
Suppose 19 = 4*i - 1. Suppose 0 = -i*j - 0 + 5. What is the units digit of j?
1
Let y be (11/(-4))/(5/(-20)). Let u(r) = 30*r**2 - r - 6. Let b(p) = 6*p**2 - 1. Let o(v) = y*b(v) - 2*u(v). What is the units digit of o(-1)?
5
Let c = -18 - -15. What is the units digit of (-2)/(412/140 + c)?
5
Let t = 156 + -88. What is the tens digit of t?
6
Suppose 0 = -l - 5*n + 138, -l + 43 = n - 75. What is the tens digit of l?
1
Let k(i) = -i**3 + 7*i**2 - 6*i + 3. Let f be ((-20)/(-12))/(-5)*-15. What is the units digit of k(f)?
3
What is the tens digit of 2*1/8 - (-990)/8?
2
What is the tens digit of 3*2*(-320)/(-48)?
4
Let l be (-313)/(-9) - (-8)/36. Let f = l - 12. Suppose 0 = 3*b - z - 4*z - f, 0 = -5*z + 10. What is the tens digit of b?
1
Let o(h) = 2*h**2 - 2*h + 1. Let m = 2 - -3. Let l = m + -4. What is the units digit of o(l)?
1
Let s be 1*(-1)/2*22. Let i(o) = 4*o**2 - 11*o. Let c(v) = -3*v**2 + 11*v + 1. Let q(u) = 5*c(u) + 4*i(u). What is the units digit of q(s)?
5
Suppose 5*c - 5*o = -o + 85, 2*c - 3*o = 34. What is the units digit of c?
7
Suppose -u + 4*q + 177 = 0, -6*q = -4*u - 10*q + 628. What is the tens digit of u?
6
Let y = 91 + -39. What is the tens digit of y?
5
Let k(w) = -w**2 + 9*w. Let q be k(9). Suppose 3*x - 12 = -q*x. Suppose x = 2*o - 0*o. What is the units digit of o?
2
Suppose -3*j + 158 = l, 3*j = j + l + 102. What is the units digit of j?
2
Let o(z) = -2*z**3 + z**2. Let m be o(-1). Suppose 5*j - h - 23 = 0, 4*j + m*h - 4*h = 19. What is the units digit of (-12 + j)*(-1)/2?
4
Let v = -11 - -15. What is the units digit of v/(-10) - 44/(-10)?
4
Let u be -1 - 1 - (3 - 1). Let s be 2/u*(1 - 1). Suppose -d + s*d + 7 = i, i + 3*d = 9. What is the units digit of i?
6
Suppose 2*r + 3*l - 134 = 0, r = 5*r - 2*l - 284. What is the units digit of r?
0
Suppose -4*c = 3*o - 9, -c - o + 6 = -4*o. Suppose -c*b = -4*r + 9, -19 = -4*b - 3*r - 2*r. What is the units digit of (-2)/((0 - 2)*b)?
1
Let h(v) = v**3 - 16*v**2 - 13*v - 21. Suppose 0 = 3*n - 5*g - 26, g = -7*n + 3*n + 73. What is the tens digit of h(n)?
4
Suppose 10 = -2*o + 4*o. Suppose -o*k + 10 = -0*k. What is the units digit of k?
2
Let i = 0 + -2. What is the tens digit of ((-4)/i)/((-14)/(-133))?
1
Suppose -3*j + j + 25 = 3*w, -2*w = 2*j - 20. What is the units digit of (94/(-5))/((-2)/w)?
7
Let x(b) = 9*b**3 + 20*b**2 + 3*b**2 - 18 + 24*b - 23*b**3. Let d(n) = 5*n**3 - 8*n**2 - 8*n + 6. Let j(w) = 11*d(w) + 4*x(w). What is the units digit of j(5)?
9
Let l(r) = 4 + 4 - 2 + r - 1. What is the units digit of l(0)?
5
Suppose 8*a - 3*a - 20 = -3*i, 0 = -4*a - 2*i + 14. What is the units digit of a?
1
Suppose t - 2 - 12 = 0. Suppose -k + 4*n + t = 0, k + 2*k + n = 16. What is the units digit of k/(-9) - 5/(-3)?
1
Let j = -6 - -8. Let z(m) = -6*m + 0 - 2 - 3 - m**j. What is the units digit of z(-4)?
3
Let i(o) = 4 - 3*o + 2*o**2 - o**3 - 5*o + 3*o**2 + o**2. Let n be i(5). What is the units digit of (-2)/n + (-84)/(-22)?
4
Suppose 3*v - 108 = -3*k - 24, 0 = -5*v. What is the tens digit of k?
2
Suppose -2*r + 2*n - 6 = -n, 0 = -n + 4. Suppose 3*j + 4*v - 44 = 0, j - r*v - 10 = 22. What is the tens digit of j?
2
Suppose 5*d + 2 - 22 = 0. Suppose 0 = 3*k - 2*k. Suppose k = -2*y + 40 + d. What is the units digit of y?
2
Suppose -4*h = 4*y - 12, -6 = -5*y + h + 9. Let r(s) = 2*s - 3 - 2*s - y*s. What is the units digit of r(-4)?
9
Let u(i) = 5*i**2. What is the units digit of u(-2)?
0
Suppose -62 = 4*f - 5*f. What is the units digit of f?
2
Let q be (-1)/(-2) - 35/(-14). Suppose -y + q = 2. What is the units digit of ((-1)/(-3))/(y/21)?
7
Suppose 0 = -5*m + 18 + 2. What is the units digit of 1*m/((-8)/(-10))?
5
Let a(i) = i**3 + 9*i**2 - 2*i - 12. Let o be a(-9). Suppose 3*w - o = -5*h, -4*h + 3*w = -2*h - 15. Suppose -q = -h - 1. What is the units digit of q?
4
Let m(p) = -p**3 + 4*p**2 - 2*p. Let c be m(3). Suppose w + 8 = c*w. What is the units digit of w?
4
Let b(s) = -s**2 - 8*s + 7. Let p be (-17)/2 + (-3)/6. Let n be b(p). Let k = n + 12. What is the units digit of k?
0
Let v(o) be the first derivative of -o**2/2 - 4*o - 2. What is the units digit of v(-7)?
3
Let r be 50/15 - (-2)/(-6). Let t(z) = z**r + 4 + z**2 - 7*z**2 + 4*z + z. What is the units digit of t(5)?
4
